 the prime factors of 39265776?
2, 3, 11, 8263
What are the prime factors of 1403354?
2, 541, 1297
What are the prime factors of 703290?
2, 3, 5, 7, 17, 197
What are the prime factors of 62197?
37, 41
List the prime factors of 171903.
3, 57301
List the prime factors of 1861981.
11, 19, 59, 151
List the prime factors of 6153964.
2, 1538491
What are the prime factors of 440020?
2, 5, 7, 449
What are the prime factors of 14045163?
3, 11, 37, 11503
List the prime factors of 581097.
3, 11, 17609
List the prime factors of 2014538.
2, 109, 9241
List the prime factors of 8519735.
5, 7, 243421
List the prime factors of 86101.
29, 2969
List the prime factors of 23523544.
2, 11, 31, 8623
List the prime factors of 109540.
2, 5, 5477
What are the prime factors of 8276933?
7, 59, 409
List the prime factors of 802249.
7, 31, 3697
What are the prime factors of 2000412?
2, 3, 181, 307
What are the prime factors of 594357?
3, 67, 2957
What are the prime factors of 146966?
2, 73483
List the prime factors of 2396815.
5, 137, 3499
List the prime factors of 11223407.
13, 787, 1097
What are the prime factors of 251014?
2, 125507
What are the prime factors of 20473?
59, 347
List the prime factors of 317647.
11, 67, 431
What are the prime factors of 391568?
2, 24473
What are the prime factors of 5548243?
41, 131, 1033
List the prime factors of 339040.
2, 5, 13, 163
What are the prime factors of 150667?
11, 13697
List the prime factors of 422875.
5, 17, 199
What are the prime factors of 4905556?
2, 113, 10853
List the prime factors of 6204044.
2, 7, 11, 20143
List the prime factors of 22661080.
2, 5, 13, 43579
List the prime factors of 24394584.
2, 3, 1016441
List the prime factors of 16430573.
19, 499, 1733
List the prime factors of 4810087.
4810087
What are the prime factors of 107694?
2, 3, 31, 193
List the prime factors of 349979.
7, 17, 173
What are the prime factors of 5098716?
2, 3, 7, 20233
List the prime factors of 19427005.
5, 13, 17, 17581
List the prime factors of 3066593.
1531, 2003
What are the prime factors of 26770912?
2, 7, 119513
List the prime factors of 6633853.
6633853
What are the prime factors of 198038?
2, 83, 1193
What are the prime factors of 1452853?
1452853
List the prime factors of 3801396.
2, 3, 316783
List the prime factors of 3867993.
3, 17, 53
List the prime factors of 103128.
2, 3, 4297
What are the prime factors of 364305?
3, 5, 149, 163
What are the prime factors of 1187667?
3, 13, 10151
What are the prime factors of 704227?
31, 22717
List the prime factors of 180218.
2, 251, 359
What are the prime factors of 329576?
2, 13, 3169
What are the prime factors of 1430878?
2, 715439
List the prime factors of 418029.
3, 139343
List the prime factors of 300829.
283, 1063
List the prime factors of 8523356.
2, 47, 45337
What are the prime factors of 255341?
19, 89, 151
What are the prime factors of 481994?
2, 240997
List the prime factors of 935703.
3, 103967
List the prime factors of 22026608.
2, 643, 2141
List the prime factors of 2605438.
2, 11, 118429
What are the prime factors of 361099?
263, 1373
List the prime factors of 50491.
7, 7213
What are the prime factors of 198820?
2, 5, 9941
What are the prime factors of 2963148?
2, 3, 246929
What are the prime factors of 123850?
2, 5, 2477
What are the prime factors of 1433126?
2, 716563
What are the prime factors of 1309741?
59, 79, 281
List the prime factors of 5833374.
2, 3, 972229
List the prime factors of 2890750.
2, 5, 31, 373
List the prime factors of 106582.
2, 7, 23, 331
List the prime factors of 6628701.
3, 19, 116293
List the prime factors of 595709.
595709
What are the prime factors of 874555?
5, 11, 15901
What are the prime factors of 14587258?
2, 7, 17, 61291
List the prime factors of 604270.
2, 5, 60427
List the prime factors of 521807.
11, 13, 41, 89
List the prime factors of 534136.
2, 179, 373
What are the prime factors of 13073191?
47, 349, 797
What are the prime factors of 90045?
3, 5, 23, 29
What are the prime factors of 1641228?
2, 3, 136769
What are the prime factors of 62617?
62617
What are the prime factors of 669242?
2, 7, 6829
List the prime factors of 347353.
163, 2131
What are the prime factors of 2184400?
2, 5, 43, 127
What are the prime factors of 451232?
2, 59, 239
List the prime factors of 2390225.
5, 67, 1427
What are the prime factors of 102167?
13, 29, 271
List the prime factors of 22869801.
3, 2541089
List the prime factors of 543120.
2, 3, 5, 31, 73
What are the prime factors of 533917?
199, 2683
What are the prime factors of 8463558?
2, 3, 31, 45503
What are the prime factors of 622313?
622313
What are the prime factors of 706989?
3, 235663
What are the prime factors of 2155310?
2, 5, 215531
What are the prime factors of 8681909?
59, 147151
List the prime factors of 1737525.
3, 5, 23167
What are the prime factors of 33891049?
33891049
List the prime factors of 27711472.
2, 29, 59723
What are the prime factors of 11228809?
983, 11423
What are the prime factors of 4217333?
31, 136043
What are the prime factors of 3828356?
2, 7, 136727
What are the prime factors of 30549525?
3, 5, 71, 5737
List the prime factors of 443802.
2, 3, 17, 19, 229
What are the prime factors of 264130?
2, 5, 61, 433
List the prime factors of 373203.
3, 41467
List the prime factors of 2900459.
383, 7573
What are the prime factors of 113337?
3, 7, 257
What are the prime factors of 245258?
2, 13, 9433
List the prime factors of 97415.
5, 19483
List the prime factors of 2038342.
2, 919, 1109
What are the prime factors of 2771398?
2, 7, 197957
List the prime factors of 44758.
2, 7, 23, 139
What are the prime factors of 13005604?
2, 103, 31567
List the prime factors of 3765322.
2, 11, 31, 5521
What are the prime factors of 1490734?
2, 7, 233, 457
List the prime factors of 15166442.
2, 1049, 7229
List the prime factors of 268731.
3, 37, 269
What are the prime factors of 65607?
3, 19, 1151
List the prime factors of 1260578.
2, 11, 5209
List the prime factors of 1047142.
2, 523571
List the prime factors of 422800.
2, 5, 7, 151
List the prime factors of 4503091.
29, 31, 5009
List the prime factors of 438373.
13, 33721
What are the prime factors of 14898562?
2, 7, 17, 59, 1061
List the prime factors of 6257998.
2, 73, 42863
List the prime factors of 6887831.
6887831
What are the prime factors of 24817089?
3, 11, 752033
What are the prime factors of 5798989?
7, 17, 48731
List the prime factors of 588013.
17, 34589
List the prime factors of 15640044.
2, 3, 7, 186191
What are the prime factors of 23131450?
2, 5, 462629
What are the prime factors of 11390037?
3, 23, 383, 431
What are the prime factors of 12056156?
2, 7, 61511
List the prime factors of 1530040.
2, 5, 29, 1319
List the prime factors of 2860898.
2, 41, 139, 251
What are the prime factors of 265196?
2, 167, 397
List the prime factors of 4731892.
2, 11, 41, 43, 61
What are the prime factors of 6305860?
2, 5, 11, 28663
What are the prime factors of 3352576?
2, 1637
List the prime factors of 52306.
2, 26153
List the prime factors of 4619723.
89, 51907
What are the prime factors of 5606981?
409, 13709
List the prime factors of 19315822.
2, 587, 16453
List the prime factors of 3127008.
2, 3, 32573
What are the prime factors of 608812?
2, 152203
What are the prime factors of 7544056?
2, 13, 17, 251
List the prime factors of 8222021.
487, 16883
List the prime factors of 227034.
2, 3, 12613
List the prime factors of 11242213.
89, 126317
What are the prime factors of 556109?
31, 17939
What are the prime factors of 1165059?
3, 7, 18493
What are the prime factors of 7353987?
3, 67, 36587
What are the prime factors of 13147276?
2, 67, 49057
What are the prime factors of 7843270?
2, 5, 784327
List the prime factors of 997276.
2, 7, 35617
What are the prime factors of 10215434?
2, 5107717
What are the prime factors of 6667583?
13, 512891
List the prime factors of 7268521.
13, 41, 1049
List the prime factors of 14336900.
2, 5, 307, 467
What are the prime factors of 792069?
3, 83, 3181
List the prime factors of 208211.
59, 3529
List the prime factors of 352072.
2, 7, 6287
What are the prime factors of 748497?
3, 249499
List the prime factors of 394019.
394019
What are the prime factors of 27319937?
27319937
List the prime factors of 45180.
2, 3, 